{"id":1387,"date":"2017-12-06T16:44:16","date_gmt":"2017-12-06T15:44:16","guid":{"rendered":"https:\/\/www.istud.it\/sanita\/?page_id=1387"},"modified":"2018-03-20T11:21:16","modified_gmt":"2018-03-20T10:21:16","slug":"ascolto-delle-persone-amputazione-arto-inferiore-la-progettazione-nuova-protesi","status":"publish","type":"page","link":"https:\/\/www.istud.it\/sanita\/ricerca\/ascolto-delle-persone-amputazione-arto-inferiore-la-progettazione-nuova-protesi\/","title":{"rendered":"Ascolto delle persone con amputazione di arto inferiore per la progettazione di una nuova protesi"},"content":{"rendered":"<p>[vc_row][vc_column]<div class=\"thim-widget-heading template-base\"><div class=\"sc_heading  \"><h3 style=\"text-transform: uppercase;\" class=\"title\">Ascolto delle persone con amputazione di arto inferiore per la progettazione di una nuova protesi<\/h3><p class=\"sub-heading\" style=\"\">Data conclusione progetto: 2017<\/p><\/div><\/div>[\/vc_column][\/vc_row][vc_row][vc_column width=&#8221;2\/3&#8243;][vc_column_text]L\u2019Istituto Italiano di Tecnologia e la Scuola Superiore Sant\u2019Anna, insieme al Centro protesi di INAIL e con la collaborazione dell\u2019Area Sanit\u00e0 e Salute di Fondazione ISTUD, partecipano al progetto &#8220;<strong>Ascolto delle persone con amputazione di arto inferiore per la progettazione di una nuova protesi<\/strong>&#8220;.<\/p>\n<p>Obiettivo di questo progetto \u00e8 di ascoltare, attraverso la somministrazione di un questionario, chi vive l\u2019amputazione di arto inferiore per comprendere le reali esigenze al fine di mettere a disposizione della comunit\u00e0 scientifica nuovi dati e avere la possibilit\u00e0 di progettare un dispositivo nuovo, innovativo che potr\u00e0 concretamente migliorare la qualit\u00e0 di vita.[\/vc_column_text][\/vc_column][vc_column width=&#8221;1\/3&#8243; el_class=&#8221;centered&#8221;]<div class=\"thim-widget-button template-base\"><a class=\"widget-button very-rounded small custom_style\" href=\"http:\/\/www.surveygizmo.com\/s3\/4117061\/VER-DEF-Ascolto-delle-persone-con-amputazione-di-arto-inferiore-per-la-progettazione-di-una-nuova-protesi-copy\" target=\"_blank\" style=\"font-size: 14px;border-width: 1;color: #333333;border-color: #333333;background-color: #ffffff;\" data-hover=\"font-size: 14px;border-width: 1;color: #ffffff;border-color: #21734c;background-color: #21734c;\">Partecipa alla ricerca<\/a><\/div>[\/vc_column][\/vc_row]<\/p>\n","protected":false},"excerpt":{"rendered":"<p>[vc_row][vc_column][\/vc_column][\/vc_row][vc_row][vc_column width=&#8221;2\/3&#8243;][vc_column_text]L\u2019Istituto Italiano di Tecnologia e la Scuola Superiore Sant\u2019Anna, insieme al Centro protesi di INAIL e con la collaborazione dell\u2019Area Sanit\u00e0 e Salute di Fondazione ISTUD, partecipano al progetto &hellip; <\/p>\n","protected":false},"author":89,"featured_media":1392,"parent":292,"menu_order":0,"comment_status":"closed","ping_status":"closed","template":"","meta":[],"categories":[9,33],"yoast_head":"<!-- This site is optimized with the Yoast SEO plugin v18.4.1 - https:\/\/yoast.com\/wordpress\/plugins\/seo\/ -->\n<title>Ascolto delle persone con amputazione di arto inferiore<\/title>\n<meta name=\"description\" content=\"Il progetto &quot;Ascolto delle persone con amputazione di arto inferiore per la progettazione di una nuova protesi&quot; vede la collaborazione di IIT, Scuola Superiore Sant&#039;Anna, Centro Protesi INAIL e Fondazione ISTUD\" \/>\n<meta name=\"robots\" content=\"index, follow, max-snippet:-1, max-image-preview:large, max-video-preview:-1\" \/>\n<link rel=\"canonical\" href=\"https:\/\/www.istud.it\/sanita\/ricerca\/ascolto-delle-persone-amputazione-arto-inferiore-la-progettazione-nuova-protesi\/\" \/>\n<meta property=\"og:locale\" content=\"it_IT\" \/>\n<meta property=\"og:type\" content=\"article\" \/>\n<meta property=\"og:title\" content=\"Ascolto delle persone con amputazione di arto inferiore\" \/>\n<meta property=\"og:description\" content=\"Il progetto &quot;Ascolto delle persone con amputazione di arto inferiore per la progettazione di una nuova protesi&quot; vede la collaborazione di IIT, Scuola Superiore Sant&#039;Anna, Centro Protesi INAIL e Fondazione ISTUD\" \/>\n<meta property=\"og:url\" content=\"https:\/\/www.istud.it\/sanita\/ricerca\/ascolto-delle-persone-amputazione-arto-inferiore-la-progettazione-nuova-protesi\/\" \/>\n<meta property=\"og:site_name\" content=\"ISTUD Sanit\u00e0\" \/>\n<meta property=\"article:publisher\" content=\"https:\/\/www.facebook.com\/IstudSanita\/\" \/>\n<meta property=\"article:modified_time\" content=\"2018-03-20T10:21:16+00:00\" \/>\n<meta property=\"og:image\" content=\"https:\/\/www.istud.it\/sanita\/wp-content\/uploads\/2018\/03\/gamba-1-1.jpg\" \/>\n\t<meta property=\"og:image:width\" content=\"1500\" \/>\n\t<meta property=\"og:image:height\" content=\"1500\" \/>\n\t<meta property=\"og:image:type\" content=\"image\/jpeg\" \/>\n<meta name=\"twitter:card\" content=\"summary\" \/>\n<meta name=\"twitter:site\" content=\"@istud_sanita\" \/>\n<meta name=\"twitter:label1\" content=\"Tempo di lettura stimato\" \/>\n\t<meta name=\"twitter:data1\" content=\"1 minuto\" \/>\n<script type=\"application\/ld+json\" class=\"yoast-schema-graph\">{\"@context\":\"https:\/\/schema.org\",\"@graph\":[{\"@type\":\"WebSite\",\"@id\":\"https:\/\/www.istud.it\/sanita\/#website\",\"url\":\"https:\/\/www.istud.it\/sanita\/\",\"name\":\"ISTUD Sanit\u00e0\",\"description\":\"\",\"potentialAction\":[{\"@type\":\"SearchAction\",\"target\":{\"@type\":\"EntryPoint\",\"urlTemplate\":\"https:\/\/www.istud.it\/sanita\/?s={search_term_string}\"},\"query-input\":\"required name=search_term_string\"}],\"inLanguage\":\"it-IT\"},{\"@type\":\"ImageObject\",\"@id\":\"https:\/\/www.istud.it\/sanita\/ricerca\/ascolto-delle-persone-amputazione-arto-inferiore-la-progettazione-nuova-protesi\/#primaryimage\",\"inLanguage\":\"it-IT\",\"url\":\"https:\/\/www.istud.it\/sanita\/wp-content\/uploads\/2018\/03\/gamba-1-1.jpg\",\"contentUrl\":\"https:\/\/www.istud.it\/sanita\/wp-content\/uploads\/2018\/03\/gamba-1-1.jpg\",\"width\":1500,\"height\":1500,\"caption\":\"Ascolto delle persone con amputazione di arto inferiore per la progettazione di una nuova protesi\"},{\"@type\":\"WebPage\",\"@id\":\"https:\/\/www.istud.it\/sanita\/ricerca\/ascolto-delle-persone-amputazione-arto-inferiore-la-progettazione-nuova-protesi\/#webpage\",\"url\":\"https:\/\/www.istud.it\/sanita\/ricerca\/ascolto-delle-persone-amputazione-arto-inferiore-la-progettazione-nuova-protesi\/\",\"name\":\"Ascolto delle persone con amputazione di arto inferiore\",\"isPartOf\":{\"@id\":\"https:\/\/www.istud.it\/sanita\/#website\"},\"primaryImageOfPage\":{\"@id\":\"https:\/\/www.istud.it\/sanita\/ricerca\/ascolto-delle-persone-amputazione-arto-inferiore-la-progettazione-nuova-protesi\/#primaryimage\"},\"datePublished\":\"2017-12-06T15:44:16+00:00\",\"dateModified\":\"2018-03-20T10:21:16+00:00\",\"description\":\"Il progetto \\\"Ascolto delle persone con amputazione di arto inferiore per la progettazione di una nuova protesi\\\" vede la collaborazione di IIT, Scuola Superiore Sant'Anna, Centro Protesi INAIL e Fondazione ISTUD\",\"breadcrumb\":{\"@id\":\"https:\/\/www.istud.it\/sanita\/ricerca\/ascolto-delle-persone-amputazione-arto-inferiore-la-progettazione-nuova-protesi\/#breadcrumb\"},\"inLanguage\":\"it-IT\",\"potentialAction\":[{\"@type\":\"ReadAction\",\"target\":[\"https:\/\/www.istud.it\/sanita\/ricerca\/ascolto-delle-persone-amputazione-arto-inferiore-la-progettazione-nuova-protesi\/\"]}]},{\"@type\":\"BreadcrumbList\",\"@id\":\"https:\/\/www.istud.it\/sanita\/ricerca\/ascolto-delle-persone-amputazione-arto-inferiore-la-progettazione-nuova-protesi\/#breadcrumb\",\"itemListElement\":[{\"@type\":\"ListItem\",\"position\":1,\"name\":\"Home\",\"item\":\"https:\/\/www.istud.it\/sanita\/\"},{\"@type\":\"ListItem\",\"position\":2,\"name\":\"Ricerca\",\"item\":\"https:\/\/www.istud.it\/sanita\/ricerca\/\"},{\"@type\":\"ListItem\",\"position\":3,\"name\":\"Ascolto delle persone con amputazione di arto inferiore per la progettazione di una nuova protesi\"}]}]}<\/script>\n<!-- \/ Yoast SEO plugin. -->","yoast_head_json":{"title":"Ascolto delle persone con amputazione di arto inferiore","description":"Il progetto \"Ascolto delle persone con amputazione di arto inferiore per la progettazione di una nuova protesi\" vede la collaborazione di IIT, Scuola Superiore Sant'Anna, Centro Protesi INAIL e Fondazione ISTUD","robots":{"index":"index","follow":"follow","max-snippet":"max-snippet:-1","max-image-preview":"max-image-preview:large","max-video-preview":"max-video-preview:-1"},"canonical":"https:\/\/www.istud.it\/sanita\/ricerca\/ascolto-delle-persone-amputazione-arto-inferiore-la-progettazione-nuova-protesi\/","og_locale":"it_IT","og_type":"article","og_title":"Ascolto delle persone con amputazione di arto inferiore","og_description":"Il progetto \"Ascolto delle persone con amputazione di arto inferiore per la progettazione di una nuova protesi\" vede la collaborazione di IIT, Scuola Superiore Sant'Anna, Centro Protesi INAIL e Fondazione ISTUD","og_url":"https:\/\/www.istud.it\/sanita\/ricerca\/ascolto-delle-persone-amputazione-arto-inferiore-la-progettazione-nuova-protesi\/","og_site_name":"ISTUD Sanit\u00e0","article_publisher":"https:\/\/www.facebook.com\/IstudSanita\/","article_modified_time":"2018-03-20T10:21:16+00:00","og_image":[{"width":1500,"height":1500,"url":"https:\/\/www.istud.it\/sanita\/wp-content\/uploads\/2018\/03\/gamba-1-1.jpg","type":"image\/jpeg"}],"twitter_card":"summary","twitter_site":"@istud_sanita","twitter_misc":{"Tempo di lettura stimato":"1 minuto"},"schema":{"@context":"https:\/\/schema.org","@graph":[{"@type":"WebSite","@id":"https:\/\/www.istud.it\/sanita\/#website","url":"https:\/\/www.istud.it\/sanita\/","name":"ISTUD Sanit\u00e0","description":"","potentialAction":[{"@type":"SearchAction","target":{"@type":"EntryPoint","urlTemplate":"https:\/\/www.istud.it\/sanita\/?s={search_term_string}"},"query-input":"required name=search_term_string"}],"inLanguage":"it-IT"},{"@type":"ImageObject","@id":"https:\/\/www.istud.it\/sanita\/ricerca\/ascolto-delle-persone-amputazione-arto-inferiore-la-progettazione-nuova-protesi\/#primaryimage","inLanguage":"it-IT","url":"https:\/\/www.istud.it\/sanita\/wp-content\/uploads\/2018\/03\/gamba-1-1.jpg","contentUrl":"https:\/\/www.istud.it\/sanita\/wp-content\/uploads\/2018\/03\/gamba-1-1.jpg","width":1500,"height":1500,"caption":"Ascolto delle persone con amputazione di arto inferiore per la progettazione di una nuova protesi"},{"@type":"WebPage","@id":"https:\/\/www.istud.it\/sanita\/ricerca\/ascolto-delle-persone-amputazione-arto-inferiore-la-progettazione-nuova-protesi\/#webpage","url":"https:\/\/www.istud.it\/sanita\/ricerca\/ascolto-delle-persone-amputazione-arto-inferiore-la-progettazione-nuova-protesi\/","name":"Ascolto delle persone con amputazione di arto inferiore","isPartOf":{"@id":"https:\/\/www.istud.it\/sanita\/#website"},"primaryImageOfPage":{"@id":"https:\/\/www.istud.it\/sanita\/ricerca\/ascolto-delle-persone-amputazione-arto-inferiore-la-progettazione-nuova-protesi\/#primaryimage"},"datePublished":"2017-12-06T15:44:16+00:00","dateModified":"2018-03-20T10:21:16+00:00","description":"Il progetto \"Ascolto delle persone con amputazione di arto inferiore per la progettazione di una nuova protesi\" vede la collaborazione di IIT, Scuola Superiore Sant'Anna, Centro Protesi INAIL e Fondazione ISTUD","breadcrumb":{"@id":"https:\/\/www.istud.it\/sanita\/ricerca\/ascolto-delle-persone-amputazione-arto-inferiore-la-progettazione-nuova-protesi\/#breadcrumb"},"inLanguage":"it-IT","potentialAction":[{"@type":"ReadAction","target":["https:\/\/www.istud.it\/sanita\/ricerca\/ascolto-delle-persone-amputazione-arto-inferiore-la-progettazione-nuova-protesi\/"]}]},{"@type":"BreadcrumbList","@id":"https:\/\/www.istud.it\/sanita\/ricerca\/ascolto-delle-persone-amputazione-arto-inferiore-la-progettazione-nuova-protesi\/#breadcrumb","itemListElement":[{"@type":"ListItem","position":1,"name":"Home","item":"https:\/\/www.istud.it\/sanita\/"},{"@type":"ListItem","position":2,"name":"Ricerca","item":"https:\/\/www.istud.it\/sanita\/ricerca\/"},{"@type":"ListItem","position":3,"name":"Ascolto delle persone con amputazione di arto inferiore per la progettazione di una nuova protesi"}]}]}},"_links":{"self":[{"href":"https:\/\/www.istud.it\/sanita\/wp-json\/wp\/v2\/pages\/1387"}],"collection":[{"href":"https:\/\/www.istud.it\/sanita\/wp-json\/wp\/v2\/pages"}],"about":[{"href":"https:\/\/www.istud.it\/sanita\/wp-json\/wp\/v2\/types\/page"}],"author":[{"embeddable":true,"href":"https:\/\/www.istud.it\/sanita\/wp-json\/wp\/v2\/users\/89"}],"replies":[{"embeddable":true,"href":"https:\/\/www.istud.it\/sanita\/wp-json\/wp\/v2\/comments?post=1387"}],"version-history":[{"count":4,"href":"https:\/\/www.istud.it\/sanita\/wp-json\/wp\/v2\/pages\/1387\/revisions"}],"predecessor-version":[{"id":1495,"href":"https:\/\/www.istud.it\/sanita\/wp-json\/wp\/v2\/pages\/1387\/revisions\/1495"}],"up":[{"embeddable":true,"href":"https:\/\/www.istud.it\/sanita\/wp-json\/wp\/v2\/pages\/292"}],"wp:featuredmedia":[{"embeddable":true,"href":"https:\/\/www.istud.it\/sanita\/wp-json\/wp\/v2\/media\/1392"}],"wp:attachment":[{"href":"https:\/\/www.istud.it\/sanita\/wp-json\/wp\/v2\/media?parent=1387"}],"wp:term":[{"taxonomy":"category","embeddable":true,"href":"https:\/\/www.istud.it\/sanita\/wp-json\/wp\/v2\/categories?post=1387"}],"curies":[{"name":"wp","href":"https:\/\/api.w.org\/{rel}","templated":true}]}}

<p>[vc_row][vc_column]<div class="thim-widget-heading template-base"><div class="sc_heading  "><h3 style="text-transform: uppercase;" class="title">Ascolto delle persone con amputazione di arto inferiore per la progettazione di una nuova protesi</h3><p class="sub-heading" style="">Data conclusione progetto: 2017</p></div></div>[/vc_column][/vc_row][vc_row][vc_column width=&#8221;2/3&#8243;][vc_column_text]L’Istituto Italiano di Tecnologia e la Scuola Superiore Sant’Anna, insieme al Centro protesi di INAIL e con la collaborazione dell’Area Sanità e Salute di Fondazione ISTUD, partecipano al progetto &#8220;<strong>Ascolto delle persone con amputazione di arto inferiore per la progettazione di una nuova protesi</strong>&#8220;.</p>
<p>Obiettivo di questo progetto è di ascoltare, attraverso la somministrazione di un questionario, chi vive l’amputazione di arto inferiore per comprendere le reali esigenze al fine di mettere a disposizione della comunità scientifica nuovi dati e avere la possibilità di progettare un dispositivo nuovo, innovativo che potrà concretamente migliorare la qualità di vita.[/vc_column_text][/vc_column][vc_column width=&#8221;1/3&#8243; el_class=&#8221;centered&#8221;]<div class="thim-widget-button template-base"><a class="widget-button very-rounded small custom_style" href="http://www.surveygizmo.com/s3/4117061/VER-DEF-Ascolto-delle-persone-con-amputazione-di-arto-inferiore-per-la-progettazione-di-una-nuova-protesi-copy" target="_blank" style="font-size: 14px;border-width: 1;color: #333333;border-color: #333333;background-color: #ffffff;" data-hover="font-size: 14px;border-width: 1;color: #ffffff;border-color: #21734c;background-color: #21734c;">Partecipa alla ricerca</a></div>[/vc_column][/vc_row]</p>

<p>[vc_row][vc_column][/vc_column][/vc_row][vc_row][vc_column width=&#8221;2/3&#8243;][vc_column_text]L’Istituto Italiano di Tecnologia e la Scuola Superiore Sant’Anna, insieme al Centro protesi di INAIL e con la collaborazione dell’Area Sanità e Salute di Fondazione ISTUD, partecipano al progetto &hellip; </p>

<!-- This site is optimized with the Yoast SEO plugin v18.4.1 - https://yoast.com/wordpress/plugins/seo/ -->
<title>Ascolto delle persone con amputazione di arto inferiore</title>
<meta name="description" content="Il progetto &quot;Ascolto delle persone con amputazione di arto inferiore per la progettazione di una nuova protesi&quot; vede la collaborazione di IIT, Scuola Superiore Sant&#039;Anna, Centro Protesi INAIL e Fondazione ISTUD" />
<meta name="robots" content="index, follow, max-snippet:-1, max-image-preview:large, max-video-preview:-1" />
<link rel="canonical" href="https://www.istud.it/sanita/ricerca/ascolto-delle-persone-amputazione-arto-inferiore-la-progettazione-nuova-protesi/" />
<meta property="og:locale" content="it_IT" />
<meta property="og:type" content="article" />
<meta property="og:title" content="Ascolto delle persone con amputazione di arto inferiore" />
<meta property="og:description" content="Il progetto &quot;Ascolto delle persone con amputazione di arto inferiore per la progettazione di una nuova protesi&quot; vede la collaborazione di IIT, Scuola Superiore Sant&#039;Anna, Centro Protesi INAIL e Fondazione ISTUD" />
<meta property="og:url" content="https://www.istud.it/sanita/ricerca/ascolto-delle-persone-amputazione-arto-inferiore-la-progettazione-nuova-protesi/" />
<meta property="og:site_name" content="ISTUD Sanità" />
<meta property="article:publisher" content="https://www.facebook.com/IstudSanita/" />
<meta property="article:modified_time" content="2018-03-20T10:21:16+00:00" />
<meta property="og:image" content="https://www.istud.it/sanita/wp-content/uploads/2018/03/gamba-1-1.jpg" />
	<meta property="og:image:width" content="1500" />
	<meta property="og:image:height" content="1500" />
	<meta property="og:image:type" content="image/jpeg" />
<meta name="twitter:card" content="summary" />
<meta name="twitter:site" content="@istud_sanita" />
<meta name="twitter:label1" content="Tempo di lettura stimato" />
	<meta name="twitter:data1" content="1 minuto" />
<script type="application/ld+json" class="yoast-schema-graph">{"@context":"https://schema.org","@graph":[{"@type":"WebSite","@id":"https://www.istud.it/sanita/#website","url":"https://www.istud.it/sanita/","name":"ISTUD Sanità","description":"","potentialAction":[{"@type":"SearchAction","target":{"@type":"EntryPoint","urlTemplate":"https://www.istud.it/sanita/?s={search_term_string}"},"query-input":"required name=search_term_string"}],"inLanguage":"it-IT"},{"@type":"ImageObject","@id":"https://www.istud.it/sanita/ricerca/ascolto-delle-persone-amputazione-arto-inferiore-la-progettazione-nuova-protesi/#primaryimage","inLanguage":"it-IT","url":"https://www.istud.it/sanita/wp-content/uploads/2018/03/gamba-1-1.jpg","contentUrl":"https://www.istud.it/sanita/wp-content/uploads/2018/03/gamba-1-1.jpg","width":1500,"height":1500,"caption":"Ascolto delle persone con amputazione di arto inferiore per la progettazione di una nuova protesi"},{"@type":"WebPage","@id":"https://www.istud.it/sanita/ricerca/ascolto-delle-persone-amputazione-arto-inferiore-la-progettazione-nuova-protesi/#webpage","url":"https://www.istud.it/sanita/ricerca/ascolto-delle-persone-amputazione-arto-inferiore-la-progettazione-nuova-protesi/","name":"Ascolto delle persone con amputazione di arto inferiore","isPartOf":{"@id":"https://www.istud.it/sanita/#website"},"primaryImageOfPage":{"@id":"https://www.istud.it/sanita/ricerca/ascolto-delle-persone-amputazione-arto-inferiore-la-progettazione-nuova-protesi/#primaryimage"},"datePublished":"2017-12-06T15:44:16+00:00","dateModified":"2018-03-20T10:21:16+00:00","description":"Il progetto \"Ascolto delle persone con amputazione di arto inferiore per la progettazione di una nuova protesi\" vede la collaborazione di IIT, Scuola Superiore Sant'Anna, Centro Protesi INAIL e Fondazione ISTUD","breadcrumb":{"@id":"https://www.istud.it/sanita/ricerca/ascolto-delle-persone-amputazione-arto-inferiore-la-progettazione-nuova-protesi/#breadcrumb"},"inLanguage":"it-IT","potentialAction":[{"@type":"ReadAction","target":["https://www.istud.it/sanita/ricerca/ascolto-delle-persone-amputazione-arto-inferiore-la-progettazione-nuova-protesi/"]}]},{"@type":"BreadcrumbList","@id":"https://www.istud.it/sanita/ricerca/ascolto-delle-persone-amputazione-arto-inferiore-la-progettazione-nuova-protesi/#breadcrumb","itemListElement":[{"@type":"ListItem","position":1,"name":"Home","item":"https://www.istud.it/sanita/"},{"@type":"ListItem","position":2,"name":"Ricerca","item":"https://www.istud.it/sanita/ricerca/"},{"@type":"ListItem","position":3,"name":"Ascolto delle persone con amputazione di arto inferiore per la progettazione di una nuova protesi"}]}]}</script>
<!-- / Yoast SEO plugin. -->

ISTUD Sanità
