{"id":6119,"date":"2020-06-09T11:04:31","date_gmt":"2020-06-09T09:04:31","guid":{"rendered":"https:\/\/www.istud.it\/master\/?page_id=6119"},"modified":"2025-04-01T23:55:58","modified_gmt":"2025-04-01T21:55:58","slug":"master-istud-per-le-aziende-il-servizio-di-stage-e-placement","status":"publish","type":"page","link":"https:\/\/www.istud.it\/master\/master-istud-e-aziende\/master-istud-per-le-aziende-il-servizio-di-stage-e-placement\/","title":{"rendered":"Master ISTUD per le aziende: il servizio di stage e placement"},"content":{"rendered":"<p>[vc_row full_width=&#8221;stretch_row&#8221; css=&#8221;.vc_custom_1591708715080{padding-top: 240px !important;padding-bottom: 40px !important;background-image: url(https:\/\/www.istud.it\/master\/wp-content\/uploads\/2020\/06\/servizio-placement-Master-ISTUD-stage-studenti-1.jpg?id=6140) !important;background-position: center !important;background-repeat: no-repeat !important;background-size: cover !important;}&#8221;][vc_column][vc_column_text el_class=&#8221;white big-title&#8221;]<\/p>\n<h1>Scopri i profili e seleziona gli studenti dei Master ISTUD<\/h1>\n<p>[\/vc_column_text][\/vc_column][\/vc_row][vc_row css=&#8221;.vc_custom_1591697595480{margin-bottom: 0px !important;}&#8221;][vc_column]<div class=\"thim-widget-heading template-base\"><div class=\"sc_heading  \"><h3 style=\"text-transform: uppercase;\" class=\"title\">Accedi al servizio di stage e placement dei Master ISTUD<\/h3><\/div><\/div>[vc_column_text]I Master ISTUD sono un ponte ideale tra Universit\u00e0 e vita professionale e rappresentano una esperienza di crescita unica per giovani laureati di tutte le facolt\u00e0.<\/p>\n<p>Tematiche di frontiera, metodi innovativi, approccio digitale, stretto collegamento con manager e aziende nazionali e multinazionali, focus sulle sfide pi\u00f9 rilevanti che le imprese stanno affrontando oggi sono i tratti distintivi dei nostri programmi post laurea.[\/vc_column_text][\/vc_column][\/vc_row][vc_row css=&#8221;.vc_custom_1682693451767{margin-top: 60px !important;}&#8221;][vc_column][vc_column_text]Nei percorsi ISTUD potrai trovare un bacino di reclutamento qualificato di giovani talenti di tutti i background di studi, capaci di inserirsi da subito con impatto positivo in azienda.[\/vc_column_text][\/vc_column][\/vc_row][vc_row content_placement=&#8221;middle&#8221; css=&#8221;.vc_custom_1682693462291{margin-top: 0px !important;margin-bottom: 20px !important;padding-bottom: 20px !important;}&#8221;][vc_column el_class=&#8221;centered&#8221;]<div class=\"thim-widget-button template-base\"><a class=\"widget-button very-rounded normal custom_style\" href=\"https:\/\/portale.istud.it\/\" target=\"_blank\" style=\"font-size: 14px;border-width: 1;border-color: #af0f2c;background-color: #af0f2c;\" data-hover=\"font-size: 14px;border-width: 1;border-color: #ffb606;background-color: #ffb606;\">Accedi al portale placement di ISTUD<\/a><\/div>[\/vc_column][\/vc_row][vc_row full_width=&#8221;stretch_row_content&#8221; gap=&#8221;35&#8243; equal_height=&#8221;yes&#8221; parallax=&#8221;content-moving&#8221; css=&#8221;.vc_custom_1682694393461{background-color: #af0f2c !important;}&#8221;][vc_column parallax=&#8221;content-moving-fade&#8221; parallax_image=&#8221;6136&#8243; parallax_speed_bg=&#8221;1&#8243; width=&#8221;1\/2&#8243; el_class=&#8221;no-bottom-margin&#8221;][vc_empty_space height=&#8221;200px&#8221;][\/vc_column][vc_column width=&#8221;1\/2&#8243; css=&#8221;.vc_custom_1677928819886{padding-top: 40px !important;padding-bottom: 40px !important;}&#8221;][vc_column_text css=&#8221;.vc_custom_1682694331475{padding-top: 20px !important;}&#8221; el_class=&#8221;white&#8221;]<\/p>\n<div class=\"wpb_text_column wpb_content_element non-h3-min\">\n<div class=\"wpb_wrapper\">\n<h2>ATTIVA UNO STAGE.<\/h2>\n<\/div>\n<\/div>\n<p>[\/vc_column_text][vc_column_text el_class=&#8221;white&#8221;]Il processo per l\u2019attivazione di uno stage con ISTUD \u00e8 molto agile e si articola in pochi semplici passi:<\/p>\n<ol>\n<li>Collegati al portale placement di ISTUD Business School, alla voce &#8216;Accesso Aziende&#8217;<\/li>\n<li>Scegli il Master d&#8217;interesse per la posizione lavorativa e inserisci l&#8217;offerta di stage<\/li>\n<li>L&#8217;ufficio placement di ISTUD Business School provveder\u00e0 a validare la tua offerta nei giorni immediatamente successivi l&#8217;inserimento<\/li>\n<li><span class=\"ui-provider gr b c d e f g h i j k l m n o p q r s t u v w x y z ab ac ae af ag ah ai aj ak\" dir=\"ltr\">Alla scadenza delle offerte potrai visionare le candidature e contattare gli studenti interessati per un colloquio<\/span><\/li>\n<li>Effettua i colloqui con gli studenti e seleziona i candidati pi\u00f9 adatti per te<\/li>\n<\/ol>\n<p><span class=\"ui-provider gr b c d e f g h i j k l m n o p q r s t u v w x y z ab ac ae af ag ah ai aj ak\" dir=\"ltr\">Potrai visionare nel portale anche il CV Book completo degli studenti. <\/span><\/p>\n<p>Il servizio di stage e placement ISTUD \u00e8 gratuito.[\/vc_column_text][\/vc_column][\/vc_row][vc_row equal_height=&#8221;yes&#8221; content_placement=&#8221;middle&#8221; disable_element=&#8221;yes&#8221;][vc_column width=&#8221;1\/4&#8243;][\/vc_column][vc_column width=&#8221;1\/2&#8243; css=&#8221;.vc_custom_1591706883424{background-color: #ececec !important;border-radius: 20px !important;}&#8221;][vc_column_text]<\/p>\n<p style=\"text-align: center;\">Il <strong>colloquio conoscitivo e di selezione<\/strong> con i candidati seguir\u00e0 le policies dell&#8217;azienda e <strong>potr\u00e0 essere condotto in presenza o a distanza<\/strong>.<\/p>\n<p style=\"text-align: center;\">In caso di gestione dello stage in modalit\u00e0 \u201c<strong>Smart Working<\/strong>\u201d, tutti gli studenti ISTUD hanno sviluppato competenze trasversali legate alla <strong>collaborazione<\/strong>, <strong>comunicazione<\/strong>, <strong>gestione di attivit\u00e0<\/strong> <strong>da remoto<\/strong>, che faciliteranno l\u2019inserimento rapido e in autonomia all&#8217;interno delle dinamiche aziendali e nei progetti assegnati.<\/p>\n<p>[\/vc_column_text][\/vc_column][vc_column width=&#8221;1\/4&#8243;][\/vc_column][\/vc_row][vc_row disable_element=&#8221;yes&#8221;][vc_column][vc_column_text]<strong>Il servizio di stage e placement ISTUD \u00e8 gratuito. Una nostra risorsa ti affiancher\u00e0 in ognuna di queste fasi consentendoti di trovare con velocit\u00e0 ed efficacia gli studenti pi\u00f9 in linea con i bisogni tuoi e della tua organizzazione.<\/strong>[\/vc_column_text][\/vc_column][\/vc_row][vc_row full_width=&#8221;stretch_row&#8221; disable_element=&#8221;yes&#8221; css=&#8221;.vc_custom_1682694519072{margin-bottom: 0px !important;background-color: #af0f2c !important;}&#8221; el_id=&#8221;form&#8221; el_class=&#8221;centered&#8221;][vc_column width=&#8221;1\/6&#8243;][\/vc_column][vc_column width=&#8221;2\/3&#8243;]<div class=\"vc-extral_class white centered\"><div class=\"thim-widget-heading template-base\"><div class=\"sc_heading  \"><h3 style=\"text-transform: uppercase;\" class=\"title\">Scarica i cv book dei nostri studenti pronti per iniziare lo stage in azienda<\/h3><\/div><\/div><\/div><div role=\"form\" class=\"wpcf7\" id=\"wpcf7-f6122-o1\" lang=\"it-IT\" dir=\"ltr\">\n<div class=\"screen-reader-response\"><p role=\"status\" aria-live=\"polite\" aria-atomic=\"true\"><\/p> <ul><\/ul><\/div>\n<form action=\"\/master\/wp-json\/wp\/v2\/pages\/6119#wpcf7-f6122-o1\" method=\"post\" class=\"wpcf7-form init\" enctype=\"multipart\/form-data\" novalidate=\"novalidate\" data-status=\"init\">\n<div style=\"display: none;\">\n<input type=\"hidden\" name=\"_wpcf7\" value=\"6122\" \/>\n<input type=\"hidden\" name=\"_wpcf7_version\" value=\"5.5.6\" \/>\n<input type=\"hidden\" name=\"_wpcf7_locale\" value=\"it_IT\" \/>\n<input type=\"hidden\" name=\"_wpcf7_unit_tag\" value=\"wpcf7-f6122-o1\" \/>\n<input type=\"hidden\" name=\"_wpcf7_container_post\" value=\"0\" \/>\n<input type=\"hidden\" name=\"_wpcf7_posted_data_hash\" value=\"\" \/>\n<input type=\"hidden\" name=\"_wpcf7_recaptcha_response\" value=\"\" \/>\n<\/div>\n<p><span class=\"wpcf7-form-control-wrap nome\"><input type=\"text\" name=\"nome\" value=\"\" size=\"40\" class=\"wpcf7-form-control wpcf7-text wpcf7-validates-as-required\" aria-required=\"true\" aria-invalid=\"false\" placeholder=\"Nome *\" \/><\/span> <\/p>\n<p><span class=\"wpcf7-form-control-wrap cognome\"><input type=\"text\" name=\"cognome\" value=\"\" size=\"40\" class=\"wpcf7-form-control wpcf7-text wpcf7-validates-as-required\" aria-required=\"true\" aria-invalid=\"false\" placeholder=\"Cognome *\" \/><\/span> <\/p>\n<p><span class=\"wpcf7-form-control-wrap azienda\"><input type=\"text\" name=\"azienda\" value=\"\" size=\"40\" class=\"wpcf7-form-control wpcf7-text wpcf7-validates-as-required\" aria-required=\"true\" aria-invalid=\"false\" placeholder=\"Azienda *\" \/><\/span> <\/p>\n<p><span class=\"wpcf7-form-control-wrap email\"><input type=\"email\" name=\"email\" value=\"\" size=\"40\" class=\"wpcf7-form-control wpcf7-text wpcf7-email wpcf7-validates-as-required wpcf7-validates-as-email\" aria-required=\"true\" aria-invalid=\"false\" placeholder=\"Email *\" \/><\/span> <\/p>\n<p><span class=\"wpcf7-form-control-wrap tel\"><input type=\"text\" name=\"tel\" value=\"\" size=\"40\" class=\"wpcf7-form-control wpcf7-text\" aria-invalid=\"false\" placeholder=\"Telefono\" \/><\/span> <\/p>\n<input type=\"hidden\" name=\"utm_source\" value=\"sito\" class=\"wpcf7-form-control wpcf7-hidden\" \/>\n<p><strong><font color=\"#ffffff\">Se hai gi\u00e0 una posizione di stage aperta in azienda allega qui la descrizione, provvederemo a ricontattarti e ad inviarla ai nostri studenti (file in pdf, doc, docx)<\/font><\/strong><br \/>\n<span class=\"wpcf7-form-control-wrap Offertadistage\"><input type=\"file\" name=\"Offertadistage\" size=\"40\" class=\"wpcf7-form-control wpcf7-file\" accept=\".pdf,.doc,.docx\" aria-invalid=\"false\" \/><\/span><\/p>\n<p align=\"left\"><font color=\"#ffffff\"><strong>Privacy*<\/strong><br \/>Ho letto l'<a href=\"https:\/\/www.istud.it\/privacy-informativa-e-richiesta-di-consenso-form\/\" target=\"_blank\" style=\"color:#ffffff; text-decoration: underline\"><strong>informativa<\/strong><\/a> e per quanto riguarda i trattamenti richiesti per consentire al Titolare del trattamento di realizzare la finalit\u00e0 di \u201cAttivit\u00e0 di Marketing\u201d (<em>informazioni pubblicitarie e promozionali, comunicazioni commerciali, newsletter e pubblicazioni periodiche, etc...<\/em>) mediante l\u2019impiego della posta cartacea, del telefono, del suo indirizzo di posta elettronica <span class=\"wpcf7-form-control-wrap privacy\"><span class=\"wpcf7-form-control wpcf7-checkbox wpcf7-validates-as-required wpcf7-exclusive-checkbox\"><span class=\"wpcf7-list-item first\"><input type=\"checkbox\" name=\"privacy\" value=\"Accetto\" \/><span class=\"wpcf7-list-item-label\">Accetto<\/span><\/span><span class=\"wpcf7-list-item last\"><input type=\"checkbox\" name=\"privacy\" value=\"Non accetto\" \/><span class=\"wpcf7-list-item-label\">Non accetto<\/span><\/span><\/span><\/span><\/font><\/p>\n<p><input type=\"submit\" value=\"Invia\" class=\"wpcf7-form-control has-spinner wpcf7-submit\" \/><\/p>\n<div class=\"wpcf7-response-output\" aria-hidden=\"true\"><\/div><\/form><\/div>[\/vc_column][vc_column width=&#8221;1\/6&#8243;][\/vc_column][\/vc_row][vc_row][vc_column]<div class=\"vc-extral_class non-h3-min\"><div class=\"thim-widget-heading template-base\"><div class=\"sc_heading  \"><h3 class=\"title\">Consulta i profili dei diplomati ai Master ISTUD<\/h3><\/div><\/div><\/div>[vc_column_text]Le aziende interessate a <strong>profili con esperienza<\/strong> possono consultare nella sezione &#8220;Alumni&#8221; <a href=\"https:\/\/www.istud.it\/master\/alumni-e-curricula-dei-partecipanti\/#elencocv\" target=\"_blank\" rel=\"noopener noreferrer\">gli elenchi delle precedenti edizioni dei Master ISTUD<\/a>\u00a0 e contattare direttamente i candidati.<\/p>\n<p>Siamo disponibili a veicolare le offerte di lavoro delle aziende ai nostri ex studenti, per supportarle nell&#8217;individuazione del candidato migliore per la posizione. Il servizio \u00e8 totalmente gratuito.[\/vc_column_text]<div class=\"vc-extral_class centered\"><div class=\"thim-widget-button template-base\"><a class=\"widget-button very-rounded normal custom_style\" href=\"https:\/\/www.istud.it\/master\/alumni-e-curricula-dei-partecipanti\/#elencocv\" style=\"font-size: 14px;border-width: 1;border-color: #af0f2c;background-color: #af0f2c;\" data-hover=\"font-size: 14px;border-width: 1;border-color: #ffb606;background-color: #ffb606;\">Consulta gli elenchi degli ex allievi<\/a><\/div><\/div>[\/vc_column][\/vc_row]<\/p>\n","protected":false},"excerpt":{"rendered":"<p>[vc_row full_width=&#8221;stretch_row&#8221; css=&#8221;.vc_custom_1591708715080{padding-top: 240px !important;padding-bottom: 40px !important;background-image: url(https:\/\/www.istud.it\/master\/wp-content\/uploads\/2020\/06\/servizio-placement-Master-ISTUD-stage-studenti-1.jpg?id=6140) !important;background-position: center !important;background-repeat: no-repeat !important;background-size: cover !important;}&#8221;][vc_column][vc_column_text el_class=&#8221;white big-title&#8221;] Scopri i profili e seleziona gli studenti dei Master ISTUD [\/vc_column_text][\/vc_column][\/vc_row][vc_row css=&#8221;.vc_custom_1591697595480{margin-bottom: 0px &hellip; <\/p>\n","protected":false},"author":3,"featured_media":6140,"parent":1087,"menu_order":0,"comment_status":"closed","ping_status":"closed","template":"","meta":[],"categories":[],"tags":[],"yoast_head":"<!-- This site is optimized with the Yoast SEO plugin v18.4.1 - https:\/\/yoast.com\/wordpress\/plugins\/seo\/ -->\n<title>Master ISTUD per le aziende: il servizio di stage e placement - ISTUD Master<\/title>\n<meta name=\"description\" content=\"I Master ISTUD sono un ponte ideale tra Universit\u00e0 e vita professionale: scopri il nostro portale per il placement e proponi il tuo stage.\" \/>\n<meta name=\"robots\" content=\"index, follow, max-snippet:-1, max-image-preview:large, max-video-preview:-1\" \/>\n<link rel=\"canonical\" href=\"https:\/\/www.istud.it\/master\/master-istud-e-aziende\/master-istud-per-le-aziende-il-servizio-di-stage-e-placement\/\" \/>\n<meta property=\"og:locale\" content=\"it_IT\" \/>\n<meta property=\"og:type\" content=\"article\" \/>\n<meta property=\"og:title\" content=\"Master ISTUD per le aziende: il servizio di stage e placement - ISTUD Master\" \/>\n<meta property=\"og:description\" content=\"I Master ISTUD sono un ponte ideale tra Universit\u00e0 e vita professionale: scopri il nostro portale per il placement e proponi il tuo stage.\" \/>\n<meta property=\"og:url\" content=\"https:\/\/www.istud.it\/master\/master-istud-e-aziende\/master-istud-per-le-aziende-il-servizio-di-stage-e-placement\/\" \/>\n<meta property=\"og:site_name\" content=\"ISTUD Master\" \/>\n<meta property=\"article:publisher\" content=\"https:\/\/www.facebook.com\/fondazioneistud\/\" \/>\n<meta property=\"article:modified_time\" content=\"2025-04-01T21:55:58+00:00\" \/>\n<meta property=\"og:image\" content=\"https:\/\/www.istud.it\/master\/wp-content\/uploads\/2020\/06\/servizio-placement-Master-ISTUD-stage-studenti-1.jpg\" \/>\n\t<meta property=\"og:image:width\" content=\"2000\" \/>\n\t<meta property=\"og:image:height\" content=\"1044\" \/>\n\t<meta property=\"og:image:type\" content=\"image\/jpeg\" \/>\n<meta name=\"twitter:card\" content=\"summary\" \/>\n<meta name=\"twitter:site\" content=\"@istud_it\" \/>\n<meta name=\"twitter:label1\" content=\"Tempo di lettura stimato\" \/>\n\t<meta name=\"twitter:data1\" content=\"4 minuti\" \/>\n<script type=\"application\/ld+json\" class=\"yoast-schema-graph\">{\"@context\":\"https:\/\/schema.org\",\"@graph\":[{\"@type\":\"WebSite\",\"@id\":\"https:\/\/www.istud.it\/master\/#website\",\"url\":\"https:\/\/www.istud.it\/master\/\",\"name\":\"ISTUD Master\",\"description\":\"\",\"potentialAction\":[{\"@type\":\"SearchAction\",\"target\":{\"@type\":\"EntryPoint\",\"urlTemplate\":\"https:\/\/www.istud.it\/master\/?s={search_term_string}\"},\"query-input\":\"required name=search_term_string\"}],\"inLanguage\":\"it-IT\"},{\"@type\":\"ImageObject\",\"@id\":\"https:\/\/www.istud.it\/master\/master-istud-e-aziende\/master-istud-per-le-aziende-il-servizio-di-stage-e-placement\/#primaryimage\",\"inLanguage\":\"it-IT\",\"url\":\"https:\/\/www.istud.it\/master\/wp-content\/uploads\/2020\/06\/servizio-placement-Master-ISTUD-stage-studenti-1.jpg\",\"contentUrl\":\"https:\/\/www.istud.it\/master\/wp-content\/uploads\/2020\/06\/servizio-placement-Master-ISTUD-stage-studenti-1.jpg\",\"width\":2000,\"height\":1044},{\"@type\":\"WebPage\",\"@id\":\"https:\/\/www.istud.it\/master\/master-istud-e-aziende\/master-istud-per-le-aziende-il-servizio-di-stage-e-placement\/#webpage\",\"url\":\"https:\/\/www.istud.it\/master\/master-istud-e-aziende\/master-istud-per-le-aziende-il-servizio-di-stage-e-placement\/\",\"name\":\"Master ISTUD per le aziende: il servizio di stage e placement - ISTUD Master\",\"isPartOf\":{\"@id\":\"https:\/\/www.istud.it\/master\/#website\"},\"primaryImageOfPage\":{\"@id\":\"https:\/\/www.istud.it\/master\/master-istud-e-aziende\/master-istud-per-le-aziende-il-servizio-di-stage-e-placement\/#primaryimage\"},\"datePublished\":\"2020-06-09T09:04:31+00:00\",\"dateModified\":\"2025-04-01T21:55:58+00:00\",\"description\":\"I Master ISTUD sono un ponte ideale tra Universit\u00e0 e vita professionale: scopri il nostro portale per il placement e proponi il tuo stage.\",\"breadcrumb\":{\"@id\":\"https:\/\/www.istud.it\/master\/master-istud-e-aziende\/master-istud-per-le-aziende-il-servizio-di-stage-e-placement\/#breadcrumb\"},\"inLanguage\":\"it-IT\",\"potentialAction\":[{\"@type\":\"ReadAction\",\"target\":[\"https:\/\/www.istud.it\/master\/master-istud-e-aziende\/master-istud-per-le-aziende-il-servizio-di-stage-e-placement\/\"]}]},{\"@type\":\"BreadcrumbList\",\"@id\":\"https:\/\/www.istud.it\/master\/master-istud-e-aziende\/master-istud-per-le-aziende-il-servizio-di-stage-e-placement\/#breadcrumb\",\"itemListElement\":[{\"@type\":\"ListItem\",\"position\":1,\"name\":\"Home\",\"item\":\"https:\/\/www.istud.it\/master\/\"},{\"@type\":\"ListItem\",\"position\":2,\"name\":\"I Master ISTUD e le aziende\",\"item\":\"https:\/\/www.istud.it\/master\/master-istud-e-aziende\/\"},{\"@type\":\"ListItem\",\"position\":3,\"name\":\"Master ISTUD per le aziende: il servizio di stage e placement\"}]}]}<\/script>\n<!-- \/ Yoast SEO plugin. -->","yoast_head_json":{"title":"Master ISTUD per le aziende: il servizio di stage e placement - ISTUD Master","description":"I Master ISTUD sono un ponte ideale tra Universit\u00e0 e vita professionale: scopri il nostro portale per il placement e proponi il tuo stage.","robots":{"index":"index","follow":"follow","max-snippet":"max-snippet:-1","max-image-preview":"max-image-preview:large","max-video-preview":"max-video-preview:-1"},"canonical":"https:\/\/www.istud.it\/master\/master-istud-e-aziende\/master-istud-per-le-aziende-il-servizio-di-stage-e-placement\/","og_locale":"it_IT","og_type":"article","og_title":"Master ISTUD per le aziende: il servizio di stage e placement - ISTUD Master","og_description":"I Master ISTUD sono un ponte ideale tra Universit\u00e0 e vita professionale: scopri il nostro portale per il placement e proponi il tuo stage.","og_url":"https:\/\/www.istud.it\/master\/master-istud-e-aziende\/master-istud-per-le-aziende-il-servizio-di-stage-e-placement\/","og_site_name":"ISTUD Master","article_publisher":"https:\/\/www.facebook.com\/fondazioneistud\/","article_modified_time":"2025-04-01T21:55:58+00:00","og_image":[{"width":2000,"height":1044,"url":"https:\/\/www.istud.it\/master\/wp-content\/uploads\/2020\/06\/servizio-placement-Master-ISTUD-stage-studenti-1.jpg","type":"image\/jpeg"}],"twitter_card":"summary","twitter_site":"@istud_it","twitter_misc":{"Tempo di lettura stimato":"4 minuti"},"schema":{"@context":"https:\/\/schema.org","@graph":[{"@type":"WebSite","@id":"https:\/\/www.istud.it\/master\/#website","url":"https:\/\/www.istud.it\/master\/","name":"ISTUD Master","description":"","potentialAction":[{"@type":"SearchAction","target":{"@type":"EntryPoint","urlTemplate":"https:\/\/www.istud.it\/master\/?s={search_term_string}"},"query-input":"required name=search_term_string"}],"inLanguage":"it-IT"},{"@type":"ImageObject","@id":"https:\/\/www.istud.it\/master\/master-istud-e-aziende\/master-istud-per-le-aziende-il-servizio-di-stage-e-placement\/#primaryimage","inLanguage":"it-IT","url":"https:\/\/www.istud.it\/master\/wp-content\/uploads\/2020\/06\/servizio-placement-Master-ISTUD-stage-studenti-1.jpg","contentUrl":"https:\/\/www.istud.it\/master\/wp-content\/uploads\/2020\/06\/servizio-placement-Master-ISTUD-stage-studenti-1.jpg","width":2000,"height":1044},{"@type":"WebPage","@id":"https:\/\/www.istud.it\/master\/master-istud-e-aziende\/master-istud-per-le-aziende-il-servizio-di-stage-e-placement\/#webpage","url":"https:\/\/www.istud.it\/master\/master-istud-e-aziende\/master-istud-per-le-aziende-il-servizio-di-stage-e-placement\/","name":"Master ISTUD per le aziende: il servizio di stage e placement - ISTUD Master","isPartOf":{"@id":"https:\/\/www.istud.it\/master\/#website"},"primaryImageOfPage":{"@id":"https:\/\/www.istud.it\/master\/master-istud-e-aziende\/master-istud-per-le-aziende-il-servizio-di-stage-e-placement\/#primaryimage"},"datePublished":"2020-06-09T09:04:31+00:00","dateModified":"2025-04-01T21:55:58+00:00","description":"I Master ISTUD sono un ponte ideale tra Universit\u00e0 e vita professionale: scopri il nostro portale per il placement e proponi il tuo stage.","breadcrumb":{"@id":"https:\/\/www.istud.it\/master\/master-istud-e-aziende\/master-istud-per-le-aziende-il-servizio-di-stage-e-placement\/#breadcrumb"},"inLanguage":"it-IT","potentialAction":[{"@type":"ReadAction","target":["https:\/\/www.istud.it\/master\/master-istud-e-aziende\/master-istud-per-le-aziende-il-servizio-di-stage-e-placement\/"]}]},{"@type":"BreadcrumbList","@id":"https:\/\/www.istud.it\/master\/master-istud-e-aziende\/master-istud-per-le-aziende-il-servizio-di-stage-e-placement\/#breadcrumb","itemListElement":[{"@type":"ListItem","position":1,"name":"Home","item":"https:\/\/www.istud.it\/master\/"},{"@type":"ListItem","position":2,"name":"I Master ISTUD e le aziende","item":"https:\/\/www.istud.it\/master\/master-istud-e-aziende\/"},{"@type":"ListItem","position":3,"name":"Master ISTUD per le aziende: il servizio di stage e placement"}]}]}},"_links":{"self":[{"href":"https:\/\/www.istud.it\/master\/wp-json\/wp\/v2\/pages\/6119"}],"collection":[{"href":"https:\/\/www.istud.it\/master\/wp-json\/wp\/v2\/pages"}],"about":[{"href":"https:\/\/www.istud.it\/master\/wp-json\/wp\/v2\/types\/page"}],"author":[{"embeddable":true,"href":"https:\/\/www.istud.it\/master\/wp-json\/wp\/v2\/users\/3"}],"replies":[{"embeddable":true,"href":"https:\/\/www.istud.it\/master\/wp-json\/wp\/v2\/comments?post=6119"}],"version-history":[{"count":32,"href":"https:\/\/www.istud.it\/master\/wp-json\/wp\/v2\/pages\/6119\/revisions"}],"predecessor-version":[{"id":25056,"href":"https:\/\/www.istud.it\/master\/wp-json\/wp\/v2\/pages\/6119\/revisions\/25056"}],"up":[{"embeddable":true,"href":"https:\/\/www.istud.it\/master\/wp-json\/wp\/v2\/pages\/1087"}],"wp:featuredmedia":[{"embeddable":true,"href":"https:\/\/www.istud.it\/master\/wp-json\/wp\/v2\/media\/6140"}],"wp:attachment":[{"href":"https:\/\/www.istud.it\/master\/wp-json\/wp\/v2\/media?parent=6119"}],"wp:term":[{"taxonomy":"category","embeddable":true,"href":"https:\/\/www.istud.it\/master\/wp-json\/wp\/v2\/categories?post=6119"},{"taxonomy":"post_tag","embeddable":true,"href":"https:\/\/www.istud.it\/master\/wp-json\/wp\/v2\/tags?post=6119"}],"curies":[{"name":"wp","href":"https:\/\/api.w.org\/{rel}","templated":true}]}}