{"id":6548,"date":"2020-04-21T15:48:55","date_gmt":"2020-04-21T13:48:55","guid":{"rendered":"https:\/\/www.istud.it\/imprese\/?page_id=6548"},"modified":"2020-04-21T16:37:35","modified_gmt":"2020-04-21T14:37:35","slug":"train-the-trainer","status":"publish","type":"page","link":"https:\/\/www.istud.it\/imprese\/soluzioni-in-house\/train-the-trainer\/","title":{"rendered":"Train the trainer"},"content":{"rendered":"<p>[vc_row full_width=&#8221;stretch_row&#8221; css=&#8221;.vc_custom_1586348397007{padding-top: 150px !important;padding-bottom: 20px !important;background-color: #194a87 !important;}&#8221;][vc_column][vc_row_inner][vc_column_inner offset=&#8221;vc_hidden-md vc_hidden-sm vc_hidden-xs&#8221;][vc_column_text el_class=&#8221;white big-title&#8221;]<\/p>\n<h2>Train the Trainer<\/h2>\n<p>[\/vc_column_text][\/vc_column_inner][\/vc_row_inner][vc_row_inner][vc_column_inner offset=&#8221;vc_hidden-lg&#8221;][vc_column_text el_class=&#8221;white big-title&#8221;]<\/p>\n<h1 style=\"font-size: 30px;\">Train the Trainer<\/h1>\n<p>[\/vc_column_text][\/vc_column_inner][\/vc_row_inner][\/vc_column][\/vc_row][vc_row][vc_column][vc_column_text]<\/p>\n<p style=\"text-align: left;\">La <strong>digital revolution<\/strong> aveva gi\u00e0 portato grandi cambiamenti e sfide anche nel mondo della formazione e a tutti coloro che, con diversi ruoli ci lavorano.<br \/>\nOra, l\u2019attuale emergenza, ha dato un\u2019ulteriore accelerata a questa rivoluzione, imponendo di tradurre tutto ci\u00f2 che era didattica in presenza, in didattica a distanza.<br \/>\nOggi, trasformare i propri contenuti e i propri format in proposte online, \u00e8 una necessit\u00e0 urgente che richiede un <strong>cambio di mindset<\/strong> sia nella progettazione sia nell\u2019erogazione.<\/p>\n<p>A emergere, nell\u2019attuale scenario di \u201c<strong>apprendimento diffuso<\/strong>\u201d e di abbondanza di risorse online, \u00e8 la capacit\u00e0 di<strong> scegliere contenuti di qualit\u00e0<\/strong> tra la vasta gamma disponibile, e riorganizzarli in maniera efficace all\u2019interno di nuove esperienze di apprendimento; insieme alla necessit\u00e0 di sviluppare nuove competenze nel processo di progettazione e di erogazione in ambienti blended, oltre i limiti fisici e spaziali tradizionali dell\u2019aula.<\/p>\n<p>ISTUD basandosi sulla profonda conoscenza dei <strong>processi di apprendimento e sull\u2019esperienza consolidata<\/strong> di numerosi progetti online e blended erogati, propone un virtual workshop in cui esplorare i principali aspetti del digital learning e della facilitazione di sessioni formative online, con particolare attenzione alle tecniche utili per coinvolgere i partecipanti e mantenere alta la motivazione.[\/vc_column_text][\/vc_column][\/vc_row][vc_row gap=&#8221;5&#8243; content_placement=&#8221;top&#8221;][vc_column width=&#8221;1\/2&#8243;][vc_column_text el_class=&#8221;non-h3-min&#8221;]Obiettivi[\/vc_column_text][vc_column_text]<\/p>\n<ul>\n<li>Esplorare come stimolare i diversi <strong>stili di apprendimento<\/strong> in ambiente online<\/li>\n<li>Sperimentare esperienze di lavoro in gruppo in <strong>ambiente virtuale<\/strong><\/li>\n<li>Familiarizzare con<strong> strumenti digitali<\/strong> utili per la formazione<\/li>\n<li>Condividere gli <strong>impatti della digitalizzazione<\/strong> sul processo della formazione<\/li>\n<li>Do and don\u2019ts nella gestione del<strong> processo formativo online<\/strong><\/li>\n<\/ul>\n<p>[\/vc_column_text][vc_column_text el_class=&#8221;non-h3-min&#8221;]Destinatari[\/vc_column_text][vc_column_text]Il percorso si rivolge a chi progetta e\/o eroga formazione per e all\u2019interno delle aziende e a\u00a0coloro che ricoprono il ruolo di trainer e\/o facilitatore e che hanno la necessit\u00e0 di integrare i propri corsi con nuovi strumenti e metodi che il web e il digital mettono a disposizione.[\/vc_column_text][\/vc_column][vc_column width=&#8221;1\/2&#8243;][vc_single_image image=&#8221;6553&#8243; img_size=&#8221;full&#8221;][\/vc_column][\/vc_row][vc_row][vc_column][vc_column_text el_class=&#8221;non-h3-min&#8221;]La nostra proposta[\/vc_column_text][vc_single_image image=&#8221;6557&#8243; img_size=&#8221;full&#8221;][\/vc_column][\/vc_row][vc_row full_width=&#8221;stretch_row&#8221; css=&#8221;.vc_custom_1520449664214{margin-bottom: 0px !important;background-color: #194a87 !important;}&#8221; el_class=&#8221;centered&#8221;][vc_column width=&#8221;1\/6&#8243;][\/vc_column][vc_column width=&#8221;2\/3&#8243;]<div class=\"thim-widget-heading template-base\"><div class=\"sc_heading  \"><h3 style=\"text-transform: uppercase;color:#ffffff;\" class=\"title\">Richiedi informazioni<\/h3><\/div><\/div><div role=\"form\" class=\"wpcf7\" id=\"wpcf7-f2740-o1\" lang=\"it-IT\" dir=\"ltr\">\n<div class=\"screen-reader-response\"><p role=\"status\" aria-live=\"polite\" aria-atomic=\"true\"><\/p> <ul><\/ul><\/div>\n<form action=\"\/imprese\/wp-json\/wp\/v2\/pages\/6548#wpcf7-f2740-o1\" method=\"post\" class=\"wpcf7-form init\" novalidate=\"novalidate\" data-status=\"init\">\n<div style=\"display: none;\">\n<input type=\"hidden\" name=\"_wpcf7\" value=\"2740\" \/>\n<input type=\"hidden\" name=\"_wpcf7_version\" value=\"5.5.6\" \/>\n<input type=\"hidden\" name=\"_wpcf7_locale\" value=\"it_IT\" \/>\n<input type=\"hidden\" name=\"_wpcf7_unit_tag\" value=\"wpcf7-f2740-o1\" \/>\n<input type=\"hidden\" name=\"_wpcf7_container_post\" value=\"0\" \/>\n<input type=\"hidden\" name=\"_wpcf7_posted_data_hash\" value=\"\" \/>\n<input type=\"hidden\" name=\"_wpcf7_recaptcha_response\" value=\"\" \/>\n<\/div>\n<p><span class=\"wpcf7-form-control-wrap your-name\"><input type=\"text\" name=\"your-name\" value=\"\" size=\"40\" class=\"wpcf7-form-control wpcf7-text wpcf7-validates-as-required\" aria-required=\"true\" aria-invalid=\"false\" placeholder=\"Nome *\" \/><\/span> <\/p>\n<p><span class=\"wpcf7-form-control-wrap your-email\"><input type=\"email\" name=\"your-email\" value=\"\" size=\"40\" class=\"wpcf7-form-control wpcf7-text wpcf7-email wpcf7-validates-as-required wpcf7-validates-as-email\" aria-required=\"true\" aria-invalid=\"false\" placeholder=\"Email *\" \/><\/span> <\/p>\n<p><span class=\"wpcf7-form-control-wrap your-subject\"><input type=\"text\" name=\"your-subject\" value=\"\" size=\"40\" class=\"wpcf7-form-control wpcf7-text wpcf7-validates-as-required\" aria-required=\"true\" aria-invalid=\"false\" placeholder=\"Oggetto *\" \/><\/span> <\/p>\n<p><span class=\"wpcf7-form-control-wrap your-message\"><textarea name=\"your-message\" cols=\"40\" rows=\"10\" class=\"wpcf7-form-control wpcf7-textarea wpcf7-validates-as-required\" aria-required=\"true\" aria-invalid=\"false\" placeholder=\"Messaggio *\"><\/textarea><\/span> <\/p>\n<p align=\"left\"><font color=\"#ffffff\"><strong>Privacy*<\/strong><br \/>Ho letto l'<a href=\"https:\/\/www.istud.it\/privacy-informativa-e-richiesta-di-consenso-form\/\" target=\"_blank\" style=\"color:#ffffff; text-decoration: underline\"><strong>informativa<\/strong><\/a> e per quanto riguarda i trattamenti richiesti per consentire al Titolare del trattamento di realizzare la finalit\u00e0 di \u201cAttivit\u00e0 di Marketing\u201d (<em>informazioni pubblicitarie e promozionali, comunicazioni commerciali, newsletter e pubblicazioni periodiche, etc...<\/em>) mediante l\u2019impiego della posta cartacea, del telefono, del suo indirizzo di posta elettronica <span class=\"wpcf7-form-control-wrap privacy\"><span class=\"wpcf7-form-control wpcf7-checkbox wpcf7-validates-as-required wpcf7-exclusive-checkbox\"><span class=\"wpcf7-list-item first\"><input type=\"checkbox\" name=\"privacy\" value=\"Accetto\" \/><span class=\"wpcf7-list-item-label\">Accetto<\/span><\/span><span class=\"wpcf7-list-item last\"><input type=\"checkbox\" name=\"privacy\" value=\"Non accetto\" \/><span class=\"wpcf7-list-item-label\">Non accetto<\/span><\/span><\/span><\/span><\/font><\/p>\n<p><input type=\"submit\" value=\"Invia\" class=\"wpcf7-form-control has-spinner wpcf7-submit\" \/><\/p>\n<div class=\"wpcf7-response-output\" aria-hidden=\"true\"><\/div><\/form><\/div>[\/vc_column][vc_column width=&#8221;1\/6&#8243;][\/vc_column][\/vc_row]<\/p>\n","protected":false},"excerpt":{"rendered":"<p>[vc_row full_width=&#8221;stretch_row&#8221; css=&#8221;.vc_custom_1586348397007{padding-top: 150px !important;padding-bottom: 20px !important;background-color: #194a87 !important;}&#8221;][vc_column][vc_row_inner][vc_column_inner offset=&#8221;vc_hidden-md vc_hidden-sm vc_hidden-xs&#8221;][vc_column_text el_class=&#8221;white big-title&#8221;] Train the Trainer [\/vc_column_text][\/vc_column_inner][\/vc_row_inner][vc_row_inner][vc_column_inner offset=&#8221;vc_hidden-lg&#8221;][vc_column_text el_class=&#8221;white big-title&#8221;] Train the Trainer [\/vc_column_text][\/vc_column_inner][\/vc_row_inner][\/vc_column][\/vc_row][vc_row][vc_column][vc_column_text] La digital revolution aveva gi\u00e0 &hellip; <\/p>\n","protected":false},"author":89,"featured_media":6553,"parent":1948,"menu_order":0,"comment_status":"closed","ping_status":"closed","template":"page-templates\/landing-page.php","meta":[],"categories":[],"yoast_head":"<!-- This site is optimized with the Yoast SEO plugin v18.4.1 - https:\/\/yoast.com\/wordpress\/plugins\/seo\/ -->\n<title>Train the trainer - Digital learning - ISTUD Imprese<\/title>\n<meta name=\"description\" content=\"Percorso ISTUD rivolto a trainer e responsabili della formazione in azienda sui processi di apprendimento in modalit\u00e0 digital learning\" \/>\n<meta name=\"robots\" content=\"index, follow, max-snippet:-1, max-image-preview:large, max-video-preview:-1\" \/>\n<link rel=\"canonical\" href=\"https:\/\/www.istud.it\/imprese\/soluzioni-in-house\/train-the-trainer\/\" \/>\n<meta property=\"og:locale\" content=\"it_IT\" \/>\n<meta property=\"og:type\" content=\"article\" \/>\n<meta property=\"og:title\" content=\"Train the trainer - Digital learning - ISTUD Imprese\" \/>\n<meta property=\"og:description\" content=\"Percorso ISTUD rivolto a trainer e responsabili della formazione in azienda sui processi di apprendimento in modalit\u00e0 digital learning\" \/>\n<meta property=\"og:url\" content=\"https:\/\/www.istud.it\/imprese\/soluzioni-in-house\/train-the-trainer\/\" \/>\n<meta property=\"og:site_name\" content=\"ISTUD Imprese\" \/>\n<meta property=\"article:publisher\" content=\"https:\/\/www.facebook.com\/fondazioneistud\/\" \/>\n<meta property=\"article:modified_time\" content=\"2020-04-21T14:37:35+00:00\" \/>\n<meta property=\"og:image\" content=\"https:\/\/www.istud.it\/imprese\/wp-content\/uploads\/2020\/04\/training-on-line.jpg\" \/>\n\t<meta property=\"og:image:width\" content=\"1920\" \/>\n\t<meta property=\"og:image:height\" content=\"1280\" \/>\n\t<meta property=\"og:image:type\" content=\"image\/jpeg\" \/>\n<meta name=\"twitter:card\" content=\"summary\" \/>\n<meta name=\"twitter:site\" content=\"@istud_it\" \/>\n<meta name=\"twitter:label1\" content=\"Tempo di lettura stimato\" \/>\n\t<meta name=\"twitter:data1\" content=\"3 minuti\" \/>\n<script type=\"application\/ld+json\" class=\"yoast-schema-graph\">{\"@context\":\"https:\/\/schema.org\",\"@graph\":[{\"@type\":\"WebSite\",\"@id\":\"https:\/\/www.istud.it\/imprese\/#website\",\"url\":\"https:\/\/www.istud.it\/imprese\/\",\"name\":\"ISTUD Imprese\",\"description\":\"\",\"potentialAction\":[{\"@type\":\"SearchAction\",\"target\":{\"@type\":\"EntryPoint\",\"urlTemplate\":\"https:\/\/www.istud.it\/imprese\/?s={search_term_string}\"},\"query-input\":\"required name=search_term_string\"}],\"inLanguage\":\"it-IT\"},{\"@type\":\"ImageObject\",\"@id\":\"https:\/\/www.istud.it\/imprese\/soluzioni-in-house\/train-the-trainer\/#primaryimage\",\"inLanguage\":\"it-IT\",\"url\":\"https:\/\/www.istud.it\/imprese\/wp-content\/uploads\/2020\/04\/training-on-line.jpg\",\"contentUrl\":\"https:\/\/www.istud.it\/imprese\/wp-content\/uploads\/2020\/04\/training-on-line.jpg\",\"width\":1920,\"height\":1280,\"caption\":\"training on line\"},{\"@type\":\"WebPage\",\"@id\":\"https:\/\/www.istud.it\/imprese\/soluzioni-in-house\/train-the-trainer\/#webpage\",\"url\":\"https:\/\/www.istud.it\/imprese\/soluzioni-in-house\/train-the-trainer\/\",\"name\":\"Train the trainer - Digital learning - ISTUD Imprese\",\"isPartOf\":{\"@id\":\"https:\/\/www.istud.it\/imprese\/#website\"},\"primaryImageOfPage\":{\"@id\":\"https:\/\/www.istud.it\/imprese\/soluzioni-in-house\/train-the-trainer\/#primaryimage\"},\"datePublished\":\"2020-04-21T13:48:55+00:00\",\"dateModified\":\"2020-04-21T14:37:35+00:00\",\"description\":\"Percorso ISTUD rivolto a trainer e responsabili della formazione in azienda sui processi di apprendimento in modalit\u00e0 digital learning\",\"breadcrumb\":{\"@id\":\"https:\/\/www.istud.it\/imprese\/soluzioni-in-house\/train-the-trainer\/#breadcrumb\"},\"inLanguage\":\"it-IT\",\"potentialAction\":[{\"@type\":\"ReadAction\",\"target\":[\"https:\/\/www.istud.it\/imprese\/soluzioni-in-house\/train-the-trainer\/\"]}]},{\"@type\":\"BreadcrumbList\",\"@id\":\"https:\/\/www.istud.it\/imprese\/soluzioni-in-house\/train-the-trainer\/#breadcrumb\",\"itemListElement\":[{\"@type\":\"ListItem\",\"position\":1,\"name\":\"Home\",\"item\":\"https:\/\/www.istud.it\/imprese\/\"},{\"@type\":\"ListItem\",\"position\":2,\"name\":\"Soluzioni in house\",\"item\":\"https:\/\/www.istud.it\/imprese\/soluzioni-in-house\/\"},{\"@type\":\"ListItem\",\"position\":3,\"name\":\"Train the trainer\"}]}]}<\/script>\n<!-- \/ Yoast SEO plugin. -->","yoast_head_json":{"title":"Train the trainer - Digital learning - ISTUD Imprese","description":"Percorso ISTUD rivolto a trainer e responsabili della formazione in azienda sui processi di apprendimento in modalit\u00e0 digital learning","robots":{"index":"index","follow":"follow","max-snippet":"max-snippet:-1","max-image-preview":"max-image-preview:large","max-video-preview":"max-video-preview:-1"},"canonical":"https:\/\/www.istud.it\/imprese\/soluzioni-in-house\/train-the-trainer\/","og_locale":"it_IT","og_type":"article","og_title":"Train the trainer - Digital learning - ISTUD Imprese","og_description":"Percorso ISTUD rivolto a trainer e responsabili della formazione in azienda sui processi di apprendimento in modalit\u00e0 digital learning","og_url":"https:\/\/www.istud.it\/imprese\/soluzioni-in-house\/train-the-trainer\/","og_site_name":"ISTUD Imprese","article_publisher":"https:\/\/www.facebook.com\/fondazioneistud\/","article_modified_time":"2020-04-21T14:37:35+00:00","og_image":[{"width":1920,"height":1280,"url":"https:\/\/www.istud.it\/imprese\/wp-content\/uploads\/2020\/04\/training-on-line.jpg","type":"image\/jpeg"}],"twitter_card":"summary","twitter_site":"@istud_it","twitter_misc":{"Tempo di lettura stimato":"3 minuti"},"schema":{"@context":"https:\/\/schema.org","@graph":[{"@type":"WebSite","@id":"https:\/\/www.istud.it\/imprese\/#website","url":"https:\/\/www.istud.it\/imprese\/","name":"ISTUD Imprese","description":"","potentialAction":[{"@type":"SearchAction","target":{"@type":"EntryPoint","urlTemplate":"https:\/\/www.istud.it\/imprese\/?s={search_term_string}"},"query-input":"required name=search_term_string"}],"inLanguage":"it-IT"},{"@type":"ImageObject","@id":"https:\/\/www.istud.it\/imprese\/soluzioni-in-house\/train-the-trainer\/#primaryimage","inLanguage":"it-IT","url":"https:\/\/www.istud.it\/imprese\/wp-content\/uploads\/2020\/04\/training-on-line.jpg","contentUrl":"https:\/\/www.istud.it\/imprese\/wp-content\/uploads\/2020\/04\/training-on-line.jpg","width":1920,"height":1280,"caption":"training on line"},{"@type":"WebPage","@id":"https:\/\/www.istud.it\/imprese\/soluzioni-in-house\/train-the-trainer\/#webpage","url":"https:\/\/www.istud.it\/imprese\/soluzioni-in-house\/train-the-trainer\/","name":"Train the trainer - Digital learning - ISTUD Imprese","isPartOf":{"@id":"https:\/\/www.istud.it\/imprese\/#website"},"primaryImageOfPage":{"@id":"https:\/\/www.istud.it\/imprese\/soluzioni-in-house\/train-the-trainer\/#primaryimage"},"datePublished":"2020-04-21T13:48:55+00:00","dateModified":"2020-04-21T14:37:35+00:00","description":"Percorso ISTUD rivolto a trainer e responsabili della formazione in azienda sui processi di apprendimento in modalit\u00e0 digital learning","breadcrumb":{"@id":"https:\/\/www.istud.it\/imprese\/soluzioni-in-house\/train-the-trainer\/#breadcrumb"},"inLanguage":"it-IT","potentialAction":[{"@type":"ReadAction","target":["https:\/\/www.istud.it\/imprese\/soluzioni-in-house\/train-the-trainer\/"]}]},{"@type":"BreadcrumbList","@id":"https:\/\/www.istud.it\/imprese\/soluzioni-in-house\/train-the-trainer\/#breadcrumb","itemListElement":[{"@type":"ListItem","position":1,"name":"Home","item":"https:\/\/www.istud.it\/imprese\/"},{"@type":"ListItem","position":2,"name":"Soluzioni in house","item":"https:\/\/www.istud.it\/imprese\/soluzioni-in-house\/"},{"@type":"ListItem","position":3,"name":"Train the trainer"}]}]}},"_links":{"self":[{"href":"https:\/\/www.istud.it\/imprese\/wp-json\/wp\/v2\/pages\/6548"}],"collection":[{"href":"https:\/\/www.istud.it\/imprese\/wp-json\/wp\/v2\/pages"}],"about":[{"href":"https:\/\/www.istud.it\/imprese\/wp-json\/wp\/v2\/types\/page"}],"author":[{"embeddable":true,"href":"https:\/\/www.istud.it\/imprese\/wp-json\/wp\/v2\/users\/89"}],"replies":[{"embeddable":true,"href":"https:\/\/www.istud.it\/imprese\/wp-json\/wp\/v2\/comments?post=6548"}],"version-history":[{"count":9,"href":"https:\/\/www.istud.it\/imprese\/wp-json\/wp\/v2\/pages\/6548\/revisions"}],"predecessor-version":[{"id":6672,"href":"https:\/\/www.istud.it\/imprese\/wp-json\/wp\/v2\/pages\/6548\/revisions\/6672"}],"up":[{"embeddable":true,"href":"https:\/\/www.istud.it\/imprese\/wp-json\/wp\/v2\/pages\/1948"}],"wp:featuredmedia":[{"embeddable":true,"href":"https:\/\/www.istud.it\/imprese\/wp-json\/wp\/v2\/media\/6553"}],"wp:attachment":[{"href":"https:\/\/www.istud.it\/imprese\/wp-json\/wp\/v2\/media?parent=6548"}],"wp:term":[{"taxonomy":"category","embeddable":true,"href":"https:\/\/www.istud.it\/imprese\/wp-json\/wp\/v2\/categories?post=6548"}],"curies":[{"name":"wp","href":"https:\/\/api.w.org\/{rel}","templated":true}]}}