{"id":1978,"date":"2017-12-06T17:03:00","date_gmt":"2017-12-06T16:03:00","guid":{"rendered":"https:\/\/www.istud.it\/imprese\/?page_id=1978"},"modified":"2023-01-24T12:29:25","modified_gmt":"2023-01-24T11:29:25","slug":"iscrizione-ai-seminari","status":"publish","type":"page","link":"https:\/\/www.istud.it\/imprese\/formazione-interaziendale-per-manager\/iscrizione-ai-seminari\/","title":{"rendered":"Iscrizione ai seminari"},"content":{"rendered":"<p>[vc_row][vc_column][vc_column_text]<strong>Per iscriversi ai seminari ISTUD \u00e8 sufficiente inviare la scheda di iscrizione, compilata, timbrata e firmata da persona avente i poteri di firma entro 10 giorni dalla data di inizio corso via mail all\u2019indirizzo\u00a0<a href=\"mailto:info@istud.it\">info@istud.it<\/a>\u00a0o via fax al numero 0323 933805<\/strong>[\/vc_column_text][vc_row_inner el_class=&#8221;centered&#8221;][vc_column_inner width=&#8221;1\/2&#8243;]<div class=\"vc-extral_class scheda-iscrizione-seminari-btn\"><div class=\"thim-widget-button template-base\"><a class=\"widget-button very-rounded normal custom_style\" href=\"http:\/\/www.istud.it\/up_media\/schedacat.asp\" target=\"_blank\" style=\"font-size: 14px;border-width: 1;color: #194a87;border-color: #194a87;background-color: #ffffff;\" data-hover=\"font-size: 14px;border-width: 1;color: #ffffff;border-color: #194a87;\">Scheda di iscrizione ai seminari<\/a><\/div><\/div>[\/vc_column_inner][vc_column_inner width=&#8221;1\/2&#8243;]<div class=\"vc-extral_class scheda-premium-club-btn\"><div class=\"thim-widget-button template-base\"><a class=\"widget-button very-rounded normal custom_style\" href=\"http:\/\/service.istud.it\/up_media\/schedapremium.asp\" target=\"_blank\" style=\"font-size: 14px;border-width: 1;color: #194a87;border-color: #194a87;background-color: #ffffff;\" data-hover=\"font-size: 14px;border-width: 1;color: #ffffff;border-color: #194a87;\">Scheda premium club<\/a><\/div><\/div>[\/vc_column_inner][\/vc_row_inner][vc_column_text]L\u2019accettazione dell\u2019iscrizione al seminario \u00e8 tacita, salvo differente comunicazione da parte di ISTUD. Al partecipante verr\u00e0 inviata la conferma di erogazione del corso tramite e-mail.[\/vc_column_text][\/vc_column][\/vc_row][vc_row][vc_column]<div class=\"thim-widget-heading template-base\"><div class=\"sc_heading  \"><h3 style=\"text-transform: uppercase;\" class=\"title\">CONDIZIONI DI PAGAMENTO<\/h3><\/div><\/div>[vc_column_text]Il pagamento della quota di partecipazione deve essere effettuato prima dell\u2019inizio del seminario tramite bonifico bancario. Copia del bonifico deve essere inviato unitamente al modulo di iscrizione.<\/p>\n<p>In caso di pagamento non pervenuto all\u2019atto di inizio del corso, ISTUD si riserva la facolt\u00e0 di concedere al partecipante di accedere ugualmente al corso, addebitando gli interessi di mora commisurati al tasso bancario corrente, per ogni giorno di ritardato pagamento intercorrente dalla data di inizio del corso alla data di incasso della quota di partecipazione.[\/vc_column_text][\/vc_column][\/vc_row][vc_row][vc_column width=&#8221;1\/2&#8243;]<div class=\"thim-widget-heading template-base\"><div class=\"sc_heading  \"><h3 style=\"text-transform: uppercase;\" class=\"title\">SCONTI E CONVENZIONI<\/h3><\/div><\/div>[vc_column_text]Per i seminari dell\u2019offerta interaziendale sono previste particolari condizioni di favore:<\/p>\n<div>\n<ul>\n<li>30% di sconto per gli ex allievi dei Master e dei corsi dell\u2019Area Giovani ISTUD<\/li>\n<li>Sconti e agevolazioni per i soci ALDAI<\/li>\n<li>Sconti e agevolazioni per i partner del network &#8220;Amici di ISTUD&#8221;<\/li>\n<\/ul>\n<\/div>\n<p>[\/vc_column_text][\/vc_column][vc_column width=&#8221;1\/2&#8243;]<div class=\"thim-widget-heading template-base\"><div class=\"sc_heading  \"><h3 style=\"text-transform: uppercase;\" class=\"title\">PARTECIPAZIONI MULTIPLE<\/h3><\/div><\/div>[vc_column_text]Per l&#8217;acquisto di partecipazioni multiple, entra nel <strong>Premium Club<\/strong>: l&#8217;iniziativa che permette di accedere a tre pacchetti di seminari interaziendali a un prezzo unico per tutto il 2023.[\/vc_column_text][\/vc_column][\/vc_row][vc_row][vc_column]<div class=\"thim-widget-heading template-base\"><div class=\"sc_heading  \"><h3 style=\"text-transform: uppercase;\" class=\"title\">SEDI DIDATTICHE<\/h3><\/div><\/div>[vc_column_text]La nostra sede e il centro didattico sono a Baveno in Strada Nazionale Sempione Oltrefiume, 25.<br \/>\nLa nostra sede a Milano \u00e8 in Via Paolo Lomazzo, 19.<\/p>\n<p>Il centro didattico ISTUD e tutte le strutture convenzionate utilizzate per la realizzazione dei seminari, dispongono di aulette attrezzate per i lavori di gruppo e rete wifi. La sede definitiva viene indicata all\u2019atto della conferma dell\u2019erogazione del seminario.[\/vc_column_text][\/vc_column][\/vc_row][vc_row][vc_column]<div class=\"thim-widget-heading template-base\"><div class=\"sc_heading  \"><h3 style=\"text-transform: uppercase;\" class=\"title\">DISDETTA DI PARTECIPAZIONE<\/h3><\/div><\/div>[vc_column_text]In caso di disdetta di partecipazione inviata fino\u00a0a 20 giorni dalla data d\u2019inizio seminario nessun importo sar\u00e0 addebitato. Fino a 10 giorni prima della data di inizio del seminario verr\u00e0 addebitato il 50% della quota di iscrizione, oltre tale data verr\u00e0\u00a0addebitato\u00a0l\u2019intero ammontare della quota di partecipazione.<\/p>\n<p>La sostituzione del Partecipante iscritto con un altro nominativo \u00e8 consentita, ma deve essere segnalata a ISTUD prima dell\u2019inizio del seminario.<\/p>\n<p>ISTUD si riserva la facolt\u00e0 di annullare i seminari dandone comunicazione via e-mail ai partecipanti entro 5 gg. lavorativi prima della data di inizio del corso. In tal caso, la quota di partecipazione gi\u00e0 versata sar\u00e0 restituita per intero o potr\u00e0 essere utilizzata per la partecipazione a un altro seminario dell\u2019offerta interaziendale.<\/p>\n<p>Il foro competente per l\u2019interpretazione ed esecuzione del presente contratto \u00e8 quello di Milano.[\/vc_column_text][\/vc_column][\/vc_row]<\/p>\n","protected":false},"excerpt":{"rendered":"<p>[vc_row][vc_column][vc_column_text]Per iscriversi ai seminari ISTUD \u00e8 sufficiente inviare la scheda di iscrizione, compilata, timbrata e firmata da persona avente i poteri di firma entro 10 giorni dalla data di inizio &hellip; <\/p>\n","protected":false},"author":89,"featured_media":0,"parent":1497,"menu_order":0,"comment_status":"closed","ping_status":"closed","template":"","meta":[],"categories":[],"yoast_head":"<!-- This site is optimized with the Yoast SEO plugin v18.4.1 - https:\/\/yoast.com\/wordpress\/plugins\/seo\/ -->\n<title>Iscrizione ai seminari - ISTUD Imprese<\/title>\n<meta name=\"robots\" content=\"index, follow, max-snippet:-1, max-image-preview:large, max-video-preview:-1\" \/>\n<link rel=\"canonical\" href=\"https:\/\/www.istud.it\/imprese\/formazione-interaziendale-per-manager\/iscrizione-ai-seminari\/\" \/>\n<meta property=\"og:locale\" content=\"it_IT\" \/>\n<meta property=\"og:type\" content=\"article\" \/>\n<meta property=\"og:title\" content=\"Iscrizione ai seminari - ISTUD Imprese\" \/>\n<meta property=\"og:description\" content=\"[vc_row][vc_column][vc_column_text]Per iscriversi ai seminari ISTUD \u00e8 sufficiente inviare la scheda di iscrizione, compilata, timbrata e firmata da persona avente i poteri di firma entro 10 giorni dalla data di inizio &hellip;\" \/>\n<meta property=\"og:url\" content=\"https:\/\/www.istud.it\/imprese\/formazione-interaziendale-per-manager\/iscrizione-ai-seminari\/\" \/>\n<meta property=\"og:site_name\" content=\"ISTUD Imprese\" \/>\n<meta property=\"article:publisher\" content=\"https:\/\/www.facebook.com\/fondazioneistud\/\" \/>\n<meta property=\"article:modified_time\" content=\"2023-01-24T11:29:25+00:00\" \/>\n<meta name=\"twitter:card\" content=\"summary\" \/>\n<meta name=\"twitter:site\" content=\"@istud_it\" \/>\n<meta name=\"twitter:label1\" content=\"Tempo di lettura stimato\" \/>\n\t<meta name=\"twitter:data1\" content=\"3 minuti\" \/>\n<script type=\"application\/ld+json\" class=\"yoast-schema-graph\">{\"@context\":\"https:\/\/schema.org\",\"@graph\":[{\"@type\":\"WebSite\",\"@id\":\"https:\/\/www.istud.it\/imprese\/#website\",\"url\":\"https:\/\/www.istud.it\/imprese\/\",\"name\":\"ISTUD Imprese\",\"description\":\"\",\"potentialAction\":[{\"@type\":\"SearchAction\",\"target\":{\"@type\":\"EntryPoint\",\"urlTemplate\":\"https:\/\/www.istud.it\/imprese\/?s={search_term_string}\"},\"query-input\":\"required name=search_term_string\"}],\"inLanguage\":\"it-IT\"},{\"@type\":\"WebPage\",\"@id\":\"https:\/\/www.istud.it\/imprese\/formazione-interaziendale-per-manager\/iscrizione-ai-seminari\/#webpage\",\"url\":\"https:\/\/www.istud.it\/imprese\/formazione-interaziendale-per-manager\/iscrizione-ai-seminari\/\",\"name\":\"Iscrizione ai seminari - ISTUD Imprese\",\"isPartOf\":{\"@id\":\"https:\/\/www.istud.it\/imprese\/#website\"},\"datePublished\":\"2017-12-06T16:03:00+00:00\",\"dateModified\":\"2023-01-24T11:29:25+00:00\",\"breadcrumb\":{\"@id\":\"https:\/\/www.istud.it\/imprese\/formazione-interaziendale-per-manager\/iscrizione-ai-seminari\/#breadcrumb\"},\"inLanguage\":\"it-IT\",\"potentialAction\":[{\"@type\":\"ReadAction\",\"target\":[\"https:\/\/www.istud.it\/imprese\/formazione-interaziendale-per-manager\/iscrizione-ai-seminari\/\"]}]},{\"@type\":\"BreadcrumbList\",\"@id\":\"https:\/\/www.istud.it\/imprese\/formazione-interaziendale-per-manager\/iscrizione-ai-seminari\/#breadcrumb\",\"itemListElement\":[{\"@type\":\"ListItem\",\"position\":1,\"name\":\"Home\",\"item\":\"https:\/\/www.istud.it\/imprese\/\"},{\"@type\":\"ListItem\",\"position\":2,\"name\":\"Intercompany training\",\"item\":\"https:\/\/www.istud.it\/imprese\/formazione-interaziendale-per-manager\/\"},{\"@type\":\"ListItem\",\"position\":3,\"name\":\"Iscrizione ai seminari\"}]}]}<\/script>\n<!-- \/ Yoast SEO plugin. -->","yoast_head_json":{"title":"Iscrizione ai seminari - ISTUD Imprese","robots":{"index":"index","follow":"follow","max-snippet":"max-snippet:-1","max-image-preview":"max-image-preview:large","max-video-preview":"max-video-preview:-1"},"canonical":"https:\/\/www.istud.it\/imprese\/formazione-interaziendale-per-manager\/iscrizione-ai-seminari\/","og_locale":"it_IT","og_type":"article","og_title":"Iscrizione ai seminari - ISTUD Imprese","og_description":"[vc_row][vc_column][vc_column_text]Per iscriversi ai seminari ISTUD \u00e8 sufficiente inviare la scheda di iscrizione, compilata, timbrata e firmata da persona avente i poteri di firma entro 10 giorni dalla data di inizio &hellip;","og_url":"https:\/\/www.istud.it\/imprese\/formazione-interaziendale-per-manager\/iscrizione-ai-seminari\/","og_site_name":"ISTUD Imprese","article_publisher":"https:\/\/www.facebook.com\/fondazioneistud\/","article_modified_time":"2023-01-24T11:29:25+00:00","twitter_card":"summary","twitter_site":"@istud_it","twitter_misc":{"Tempo di lettura stimato":"3 minuti"},"schema":{"@context":"https:\/\/schema.org","@graph":[{"@type":"WebSite","@id":"https:\/\/www.istud.it\/imprese\/#website","url":"https:\/\/www.istud.it\/imprese\/","name":"ISTUD Imprese","description":"","potentialAction":[{"@type":"SearchAction","target":{"@type":"EntryPoint","urlTemplate":"https:\/\/www.istud.it\/imprese\/?s={search_term_string}"},"query-input":"required name=search_term_string"}],"inLanguage":"it-IT"},{"@type":"WebPage","@id":"https:\/\/www.istud.it\/imprese\/formazione-interaziendale-per-manager\/iscrizione-ai-seminari\/#webpage","url":"https:\/\/www.istud.it\/imprese\/formazione-interaziendale-per-manager\/iscrizione-ai-seminari\/","name":"Iscrizione ai seminari - ISTUD Imprese","isPartOf":{"@id":"https:\/\/www.istud.it\/imprese\/#website"},"datePublished":"2017-12-06T16:03:00+00:00","dateModified":"2023-01-24T11:29:25+00:00","breadcrumb":{"@id":"https:\/\/www.istud.it\/imprese\/formazione-interaziendale-per-manager\/iscrizione-ai-seminari\/#breadcrumb"},"inLanguage":"it-IT","potentialAction":[{"@type":"ReadAction","target":["https:\/\/www.istud.it\/imprese\/formazione-interaziendale-per-manager\/iscrizione-ai-seminari\/"]}]},{"@type":"BreadcrumbList","@id":"https:\/\/www.istud.it\/imprese\/formazione-interaziendale-per-manager\/iscrizione-ai-seminari\/#breadcrumb","itemListElement":[{"@type":"ListItem","position":1,"name":"Home","item":"https:\/\/www.istud.it\/imprese\/"},{"@type":"ListItem","position":2,"name":"Intercompany training","item":"https:\/\/www.istud.it\/imprese\/formazione-interaziendale-per-manager\/"},{"@type":"ListItem","position":3,"name":"Iscrizione ai seminari"}]}]}},"_links":{"self":[{"href":"https:\/\/www.istud.it\/imprese\/wp-json\/wp\/v2\/pages\/1978"}],"collection":[{"href":"https:\/\/www.istud.it\/imprese\/wp-json\/wp\/v2\/pages"}],"about":[{"href":"https:\/\/www.istud.it\/imprese\/wp-json\/wp\/v2\/types\/page"}],"author":[{"embeddable":true,"href":"https:\/\/www.istud.it\/imprese\/wp-json\/wp\/v2\/users\/89"}],"replies":[{"embeddable":true,"href":"https:\/\/www.istud.it\/imprese\/wp-json\/wp\/v2\/comments?post=1978"}],"version-history":[{"count":25,"href":"https:\/\/www.istud.it\/imprese\/wp-json\/wp\/v2\/pages\/1978\/revisions"}],"predecessor-version":[{"id":10363,"href":"https:\/\/www.istud.it\/imprese\/wp-json\/wp\/v2\/pages\/1978\/revisions\/10363"}],"up":[{"embeddable":true,"href":"https:\/\/www.istud.it\/imprese\/wp-json\/wp\/v2\/pages\/1497"}],"wp:attachment":[{"href":"https:\/\/www.istud.it\/imprese\/wp-json\/wp\/v2\/media?parent=1978"}],"wp:term":[{"taxonomy":"category","embeddable":true,"href":"https:\/\/www.istud.it\/imprese\/wp-json\/wp\/v2\/categories?post=1978"}],"curies":[{"name":"wp","href":"https:\/\/api.w.org\/{rel}","templated":true}]}}